 of 289253916?
True
Is 503 a factor of 10842668?
True
Does 54 divide 72766684?
False
Is 18 a factor of 1687882?
False
Is 3638147 a multiple of 227?
False
Is 53 a factor of 1334884908?
False
Is 166 a factor of 109369598?
True
Does 36 divide 49927104?
True
Is 32181742 a multiple of 779?
False
Does 52 divide 10030852?
True
Does 341 divide 38657465?
True
Does 1872 divide 2206421162?
False
Is 240 a factor of 296409840?
True
Is 244217280 a multiple of 48?
True
Is 1604276604 a multiple of 306?
True
Does 2990 divide 74472906?
False
Does 15 divide 270540?
True
Is 110 a factor of 2610598488?
False
Does 1578 divide 13946364?
True
Does 7 divide 6591928?
True
Is 5 a factor of 450914?
False
Is 25 a factor of 1369119950?
True
Does 612 divide 915913692?
True
Is 56513630 a multiple of 1810?
True
Is 67 a factor of 21319087?
False
Is 215 a factor of 5622481?
False
Is 44081125 a multiple of 25?
True
Is 50616249 a multiple of 843?
True
Is 289463788 a multiple of 8084?
True
Is 1280050980 a multiple of 12?
True
Is 29387143 a multiple of 569?
True
Does 1175 divide 6633780?
False
Is 119581960 a multiple of 13?
False
Does 76 divide 24393036?
True
Does 590 divide 282685520?
True
Is 17876820 a multiple of 564?
False
Is 30 a factor of 4987547?
False
Is 28 a factor of 123844?
True
Is 36638474 a multiple of 94?
True
Is 20645214 a multiple of 540?
False
Is 95965680 a multiple of 34?
True
Does 1109 divide 129705644?
False
Is 79 a factor of 34600712?
False
Does 249 divide 508259051?
False
Is 2 a factor of 423024?
True
Is 2967391 a multiple of 23?
True
Is 147 a factor of 180456007?
False
Is 512 a factor of 14895854?
False
Does 13 divide 2703580217?
True
Is 38 a factor of 16322966?
False
Is 532854657 a multiple of 6?
False
Is 24793956 a multiple of 561?
True
Is 1823 a factor of 142378370?
False
Does 6787 divide 3745297358?
True
Is 2065 a factor of 3356271345?
True
Is 369 a factor of 20506068?
True
Does 15 divide 1314407715?
True
Is 1004 a factor of 71095248?
True
Does 1104 divide 51103456?
False
Is 44 a factor of 2736197590?
False
Is 13 a factor of 105009093?
False
Is 343 a factor of 18387348?
False
Is 230251329 a multiple of 297?
True
Is 5052104660 a multiple of 20?
True
Does 138 divide 27698880?
False
Does 10 divide 33381807?
False
Is 753 a factor of 203507195?
False
Does 8 divide 732714064?
True
Is 152 a factor of 19017176?
True
Is 30 a factor of 1731096?
False
Does 19 divide 132373022?
False
Does 326 divide 268683984?
True
Is 6317 a factor of 3553767324?
True
Is 13399390 a multiple of 982?
True
Does 254 divide 13303454?
False
Is 24283971 a multiple of 453?
True
Is 12875874 a multiple of 95?
False
Is 99 a factor of 297545929?
False
Is 817 a factor of 842900456?
False
Is 391 a factor of 3082936922?
False
Is 2668563637 a multiple of 224?
False
Does 62 divide 776362793?
False
Is 17 a factor of 864195856?
False
Is 520 a factor of 8064839?
False
Is 133868120 a multiple of 29?
False
Is 1054449 a multiple of 2?
False
Does 699 divide 256969176?
True
Does 5 divide 29148737?
False
Is 291566642 a multiple of 2793?
False
Does 194 divide 172097208?
False
Is 57 a factor of 1526483655?
True
Is 44 a factor of 38325452?
True
Is 1355616 a multiple of 1046?
True
Does 261 divide 18312084?
False
Is 620740 a multiple of 41?
True
Is 2678 a factor of 164435406?
False
Is 23 a factor of 40880108?
True
Does 12912 divide 1403224512?
True
Does 39 divide 89178561?
False
Is 310 a factor of 143522250?
True
Does 7 divide 979274032?
False
Does 1385 divide 55888905?
True
Is 79428760 a multiple of 2890?
True
Is 37829418 a multiple of 582?
True
Does 751 divide 14673783?
False
Is 296110945 a multiple of 65?
True
Is 22187752 a multiple of 139?
False
Is 958011106 a multiple of 26?
True
Does 1257 divide 53027802?
True
Does 209 divide 1269433396?
True
Is 7856756380 a multiple of 20?
True
Is 38 a factor of 9845670?
False
Does 123 divide 15505337?
False
Is 168861250 a multiple of 390?
False
Is 6 a factor of 5606121?
False
Is 11420268 a multiple of 6?
True
Does 1826 divide 440193812?
False
Is 1057880720 a multiple of 31?
False
Is 853169351 a multiple of 28?
False
Is 673 a factor of 179875426?
False
Is 17 a factor of 140649806?
True
Is 586 a factor of 11753775?
False
Is 2499032 a multiple of 82?
True
Is 22 a factor of 135429756?
True
Is 4797050 a multiple of 50?
True
Is 46 a factor of 133195668?
True
Is 2 a factor of 87183270?
True
Does 5033 divide 255414684?
True
Does 4 divide 43122652?
True
Is 93 a factor of 3938212001?
False
Does 4785 divide 550208010?
True
Does 17 divide 1132390082?
False
Does 80 divide 281028320?
True
Does 1026 divide 17250138?
True
Is 3058089288 a multiple of 42?
False
Is 155013404 a multiple of 7?
True
Is 765 a factor of 22724325?
True
Is 659 a factor of 54768831?
True
Is 72935536 a multiple of 1635?
False
Does 18 divide 349279002?
True
Is 1203540016 a multiple of 2638?
True
Is 106 a factor of 94767922?
True
Is 302 a factor of 305813356?
False
Does 169 divide 182476187?
False
Is 821736773 a multiple of 313?
False
Is 2245055484 a multiple of 2906?
False
Does 28 divide 1024077466?
False
Does 94 divide 655508513?
False
Is 2 a factor of 172610037?
False
Is 194121540 a multiple of 180?
True
Does 8 divide 30894808?
True
Does 250 divide 21976505?
False
Is 926269200 a multiple of 36?
True
Does 42 divide 1235669400?
True
Is 308153152 a multiple of 8?
True
Does 395 divide 183011005?
True
Is 1422132731 a multiple of 736?
False
Is 18 a factor of 196939887?
False
Is 53057772 a multiple of 309?
True
Is 68 a factor of 325105664?
False
Does 464 divide 2200932214?
False
Does 173 divide 53002183?
True
Is 9 a factor of 599101254?
True
Is 554625333 a multiple of 3?
True
Is 30731835 a multiple of 567?
False
Does 38 divide 716476624?
True
Does 21 divide 313040860?
False
Is 52106470 a multiple of 123?
False
Does 3591 divide 4460022?
True
Is 7 a factor of 146084850?
False
Is 21 a factor of 17510199?
True
Is 3351238 a multiple of 46?
True
Is 1497900363 a multiple of 7873?
False
Does 2616 divide 276526896?
True
Is 5679060 a multiple of 60?
True
Is 4195231 a multiple of 190?
False
Is 22 a factor of 2506111784?
True
Does 35 divide 31757372?
False
Is 439165913 a multiple of 5143?
True
Is 476726583 a multiple of 537?
True
Is 176 a factor of 15346398?
False
Is 17 a factor of 633734381?
True
Is 293797342 a multiple of 7?
False
Does 34 divide 485430573?
False
Does 2775 divide 9230576?
False
Does 12 divide 19606968?
True
Does 464 divide 663868928?
True
Is 33607772 a multiple of 1009?
True
Does 239 divide 65011107?
True
Is 291568836 a multiple of 359?
False
Is 414 a factor of 181106370?
True
Is 1171 a factor of 31897332?
False
Does 4 divide 532418749?
False
Does 14 divide 24199112?
True
Is 23793484 a multiple of 22?
True
Is 8 a factor of 108472720?
True
Does 7 divide 40077156?
True
Is 39430055 a multiple of 4165?
True
Is 16 a factor of 1322843744?
True
Does 13 divide 205482095?
True
Is 100 a factor of 74911421?
False
Is 21 a factor of 95824785?
True
Is 380 a factor of 1149613770?
False
Does 134 divide 124398009?
False
Is 693741886 a multiple of 1486?
False
Does 26 divide 18589090?
True
Is 1039 a factor of 425047627?
True
Is 8 a factor of 57137878?
False
Is 123 a factor of 757552695?
True
Is 6662561 a multiple of 6?
False
Does 156 divide 69547117?
False
Does 452 divide 6692764?
True
Does 669 divide 114168099?
False
Does 419 divide 700357662?
True
Is 86504918 a multiple of 482?
False
Does 42 divide 1058400?
True
Is 75 a factor of 73091335?
False
Is 10573524 a multiple of 612?
True
Is 209252358 a multiple of 18?
True
Is 150076988 a multiple of 465?
False
Is 470112183 a multiple of 333?
False
Is 31 a factor of 211911784?
True
Does 291 divide 37377495?
True
Does 481 divide 65110084?
True
Is 34274551 a multiple of 265?
False
Does 742 divide 145587342?
False
Does 2908 divide 667392456?
False
Does 1132 divide 233955820?
False
Is 461065140 a multiple of 214?
True
Is 12095586 a multiple of 6?
True
Is 10855608 a multiple of 344?
True
Is 457 a factor of 477362?
False
Is 245519565 a multiple of 2445?
True
Is 1901053518 a multiple of 1212?
False
Does 6 divide 13112016?
True
Is 726574023 a multiple of 361?
False
Is 15796972 a multiple of 5?
False
Is 82 a factor of 1027340409?
False
Is 177305299 a multiple of 27?
False
Is 9651670 a multiple o